-72*t = 6*t - 1404. What is the greatest common divisor of i and t?
6
Suppose -112 = -h - j, 3*h - 2*j = 369 - 33. Let z = -6 - -10. Suppose s + 26 = z*s - 4*c, -3*c + 12 = 0. What is the highest common divisor of s and h?
14
Let v(j) = 6*j**2 - 16*j + 58. Let b be v(5). Calculate the greatest common factor of 192 and b.
64
Let d = -16 + 76. Let v = -781 - -811. Calculate the greatest common divisor of v and d.
30
Let c(d) = 2 - 20*d + d**2 - 9 + 26*d. Let s be c(11). Suppose 0*x + s = 4*x. Calculate the highest common divisor of 9 and x.
9
Let i = 14 + -90. Let m = i + 251. Let h = -46 - -116. Calculate the greatest common divisor of h and m.
35
Let h(y) = y**2 - 2*y - 1. Let r = -8 - -6. Let a be h(r). What is the greatest common factor of a and 77?
7
Let q = -16 - -18. Let u be (3 - q - -3)*(-3)/(-12). Suppose 0 = -3*o - 5*z + 26, -3*z = -0*z - 12. Calculate the greatest common divisor of o and u.
1
Let l = 257 + -216. What is the greatest common factor of 328 and l?
41
Suppose -6*z + 3*z + i + 343 = 0, -4*z - 3*i = -453. What is the greatest common divisor of 18 and z?
6
Let i be 142/5 - ((-102)/(-30) + -3). Let k(y) = -y**3 - 9*y**2 + 5*y + 9. Let x be k(-11). Calculate the greatest common factor of i and x.
28
Suppose 16*a + 5*a - 1365 = 0. Let o = -70 - -102. Suppose 5*t - 65 = -u, o = 3*t - 4*u - 7. Calculate the highest common factor of a and t.
13
Let l = -6 - -17. Suppose -4 = -5*r - 5*y + 6, -r - 2*y = -4. Suppose 242 = -r*b + 2*b. Calculate the greatest common divisor of b and l.
11
Let q(f) = -f**3 - 32*f**2 - 46*f + 119. Let g be q(-31). Calculate the greatest common factor of g and 8.
8
Let n(q) = -329*q + 1. Let v be n(-1). Let r = 27 - 24. Suppose -l = -3*d + 91, -5*l = -r*d - l + 94. Calculate the greatest common factor of v and d.
30
Let i be 42/18 + 2/3. Suppose 10 + 38 = i*f. Calculate the highest common divisor of f and 1.
1
Let g = 27 - 12. Let z be 63*55/(-66)*-2. What is the greatest common divisor of z and g?
15
Suppose -4*l + 35 + 325 = 0. What is the greatest common factor of 315 and l?
45
Let m be (0 + 1)/(-1) + 41. Let a be (-188)/19 - (-4)/(-38). Let w be (-130)/(-39)*(-48)/a. Calculate the greatest common factor of w and m.
8
Suppose -15 = -0*q - 2*q + 5*p, -q = 3*p - 2. Suppose -q*b + 9 = -36. Let v = 92 + -86. What is the greatest common divisor of v and b?
3
Suppose -50*g + 63*g = 26. Calculate the highest common factor of 114 and g.
2
Suppose -5*d = 11*d - 1088. What is the highest common divisor of 4 and d?
4
Let w(z) = z - 3. Let k be w(8). Let y be (k/(-10))/(3/(-126)). Calculate the highest common divisor of y and 14.
7
Suppose 0 = -y + 5*p + 35, 0 = -17*p + 13*p - 20. Let o = 39 + -24. Suppose -6*d + o = -3*d. Calculate the highest common factor of y and d.
5
Let o be (80/6)/(2/6). Let l(b) = -b**3 + 4*b**2 + 5. Let g be l(4). What is the greatest common factor of g and o?
5
Suppose 4 = -34*b + 32*b, 5*c = 5*b + 790. What is the greatest common factor of c and 12?
12
Let q be 4/(-10)*(2 + -7). Let l be -4*(1/q - 1). Suppose 3*f = -j + 37, j - l*f - 114 = -j. Calculate the highest common divisor of j and 13.
13
Suppose -i - 4*i = -0*i. Let q(g) = 2*g + 85. Let w be q(i). Let j(h) = 17*h. Let n be j(2). What is the highest common factor of w and n?
17
Suppose 4*q - 2*q = -v - 8, 2*v + 2*q = -6. Calculate the greatest common divisor of v and 14.
2
Let k = 848 - 763. Calculate the highest common factor of k and 17.
17
Let h = 18 + -16. Suppose 0 = h*n - 15 - 15. Let t = n - -1. What is the highest common factor of 80 and t?
16
Suppose 135*j = 164*j - 14993. What is the greatest common factor of 88 and j?
11
Suppose -25 = -4*o - 3*g, -2*o - 3*g + 12 = -g. Suppose -f = o*f - 8. Calculate the greatest common divisor of 8 and f.
1
Suppose -3*g + 72 = -0*g. Let x = -41 - -45. Let z be (121/2 - 1) + 2/x. Calculate the highest common factor of g and z.
12
Let w(y) = -19*y + 3. Let u be w(-3). Suppose -o - u = 4*o. Let p = 6 - o. What is the highest common factor of 90 and p?
18
Suppose -2*n = 8 - 0. Let k be (-1)/(186/(-46) - n). What is the greatest common factor of 207 and k?
23
Suppose 0 = -2*g + 6*g - 124. Suppose -4*s = -g - 9. Suppose 5*v + 198 = 10*v - j, 0 = -j + 2. Calculate the highest common factor of s and v.
10
Let i(f) = 19*f - 16*f + 130 - 7*f. Let p be i(0). What is the greatest common divisor of p and 10?
10
Let b = 41 + 4. What is the highest common divisor of 2880 and b?
45
Suppose 8*a + 1 = 337. Calculate the highest common factor of a and 126.
42
Suppose -3*s = -3*l + s, 0 = -5*l - s + 23. Let t(x) = 20*x - 5. Let v be t(l). Let p = -736 - -761. What is the highest common divisor of p and v?
25
Let d be (0 - 1/2)*(113 - 7). Let t = 62 + d. What is the greatest common divisor of 81 and t?
9
Let p = -848 - -864. Calculate the highest common factor of 18 and p.
2
Let c be (-1)/((-5)/388) - 34/(-85). What is the highest common factor of c and 39?
39
Suppose 1106 = 2*r + 40*i - 42*i, 1663 = 3*r - 5*i. Calculate the greatest common factor of r and 58.
29
Let i(t) = t + 5. Let c be i(0). Suppose 39 = c*l - 21. Let n be 4/(-6) - (-20)/3. Calculate the highest common factor of l and n.
6
Let s(a) = -7*a**2 - 6*a + 10. Let t(z) = -8*z**2 - 5*z + 10. Let w(d) = 7*s(d) - 6*t(d). Let x be w(-8). What is the highest common factor of x and 18?
6
Let y be (0 - -11)/((-15)/(-975)). What is the greatest common divisor of 65 and y?
65
Let f be -4*(-5)/(-60) + 6322/3. What is the greatest common factor of f and 49?
49
Let n = -60 + 73. Let i = -2 + 2. Let l be 12*(-52)/(-6) + i. What is the greatest common divisor of l and n?
13
Let z = 134 + -59. Calculate the highest common factor of 25 and z.
25
Let d be (-1)/5 + (-3255)/(-25). Let v be (16/6 - 2)/((-6)/(-234)). Calculate the greatest common divisor of v and d.
26
Suppose 48*a - 1584 = 24*a. Calculate the greatest common divisor of a and 30.
6
Suppose -2*x - 4*w + 60 = 0, 2*x + 3*w - 15 = 49. What is the greatest common factor of x and 76?
38
Let l be -12 + 13 - (-2 + -27). Suppose 4*z - 7*z = -l. Calculate the highest common divisor of 4 and z.
2
Let a(b) = b**3 + 13*b**2 + 21*b + 23. Let l be a(-11). Suppose 0 = h + l - 38. Suppose 0 = -0*q - 2*q + 4. Calculate the greatest common divisor of h and q.
2
Let m(s) = 15*s - 5. Let y be m(3). Let i(a) = a - 8. Let l be i(10). Let z be 42/4 + (-1)/l. What is the greatest common divisor of y and z?
10
Let r(d) = d + 9. Let b be r(-5). Suppose 3*g = b*y + 13 + 5, -g - 5 = -5*y. What is the greatest common factor of g and 15?
5
Suppose 363 = -42*g + 75*g. Let n = 48 + -26. What is the highest common factor of g and n?
11
Let c = 879 + -695. What is the highest common divisor of 16 and c?
8
Let j = 49 - 37. Calculate the highest common factor of 156 and j.
12
Let k = 284 + -250. What is the highest common factor of k and 119?
17
Let r(s) = -23*s - 10. Let f(t) = -t + 1. Let v(c) = -6*f(c) + r(c). Let i be v(-3). Calculate the greatest common divisor of i and 5.
5
Suppose 3*r + 58 = 4*y - 26, -3*y - 2*r = -46. Suppose 675 = -0*a + 5*a. Let h = a + -90. What is the greatest common factor of y and h?
9
Suppose 3*h = 5*b + 7, 4*h - 6 = 5*b + 5. Let t(q) = 72*q + 1. Let w be t(b). Let s be (-24)/(-32) - w/(-4). Calculate the highest common divisor of s and 76.
19
Suppose 6 + 8 = 7*k. Let m(j) = 5*j. Let q be m(k). Calculate the highest common divisor of q and 70.
10
Let c(w) = 5*w**2 - 4 + w**2 - 2*w - 4*w**2. Let i be c(6). Suppose 3*p - 25 = -0*p - d, -3*p + 22 = -2*d. What is the greatest common factor of p and i?
8
Let u = -847 - -883. What is the highest common factor of u and 16?
4
Suppose 3*m + a - 7 = 3*a, -8 = -2*m - 2*a. Suppose 0 = -m*y + 3*t + 69, 2*y + 3*t - 81 = -2*t. What is the highest common divisor of 112 and y?
28
Let f = 28211 - 28207. Suppose 0 = -3*p - 20 - 100. Let i = p - -56. Calculate the greatest common divisor of i and f.
4
Let h be (0/2)/(2/2). Suppose -4*m + 3*o + 98 = 0, -2*m = -m + 2*o - 19. Suppose h = 25*u - m*u - 14. What is the highest common factor of 56 and u?
7
Suppose 54 = -j + 3*j. Suppose -58 + 101 = g + 5*h, 70 = 5*g - 4*h. What is the highest common divisor of j and g?
9
Let j be (-4)/14 - (-711)/63. Suppose 0 = 16*g - 17*g + j. What is the greatest common divisor of 88 and